 + 107994*b - 1296102. Calculate k(12).
-30
Let x(a) = -a**3 - 98*a**2 + 625*a + 70083. Determine x(-97).
49
Let w(x) = -7725*x + 532978. Give w(69).
-47
Let k(a) = -11*a**3 + 2*a**2 - 329*a - 33. Determine k(0).
-33
Let o(f) = -f**3 + 8*f**2 + 1222*f - 4921. What is o(4)?
31
Let x(y) = 25*y**3 + 65*y - 111. Determine x(2).
219
Let h(d) = -3*d**3 + d**2 + 16662*d - 49975. Determine h(3).
-61
Let o(z) = -z**2 - 31*z + 9098. Calculate o(-111).
218
Let q(x) = 30*x**2 - 1468*x + 18209. Calculate q(23).
315
Let h(n) = -n**3 - 8*n**2 + 102427*n + 409767. Calculate h(-4).
-5
Let v(d) = 84*d**2 - 6492*d + 1846. Give v(77).
-2
Let m(j) = 276*j**2 + 3303*j - 47. Give m(-12).
61
Let q(l) = 91174*l - 2097008. Calculate q(23).
-6
Let f(g) = -g**3 - 32*g**2 + 29*g - 1101. Calculate f(-34).
225
Let x(m) = -m**3 + 33*m**2 + 25*m - 495. What is x(33)?
330
Let c(d) = 31*d - 1839. Give c(59).
-10
Let f(h) = -h**3 - 67*h**2 - 3825*h - 131520. Determine f(-46).
-6
Let b(t) = -t**3 + 28*t**2 - 34*t + 65. Give b(9).
1298
Let s(t) = t**3 - 4*t**2 + 115*t + 755. Give s(-8).
-933
Let n(u) = u**2 - 317*u - 157624. Give n(-269).
10
Let l(w) = 414*w - 7078. What is l(17)?
-40
Let b(o) = 595*o + 8517. Give b(-14).
187
Let h(d) = -65933*d - 197503. Determine h(-3).
296
Let v(m) = 423*m**2 - 1365*m - 23. Determine v(4).
1285
Let w(t) = t**2 + 27654*t - 138291. Give w(5).
4
Let c(v) = 232*v - 3703. Give c(16).
9
Let i(r) = 191*r + 7977. What is i(-41)?
146
Let x(p) = -12*p - 2160. What is x(-184)?
48
Let h(c) = -6*c**2 + 786*c + 2421. Determine h(-3).
9
Let a(h) = 1298*h**2 + 754139*h + 530. What is a(-581)?
-51
Let c(g) = 2*g**3 - 27*g**2 + 149*g - 2311. What is c(14)?
-29
Let f(i) = -2*i**3 - 18*i**2 - 27*i - 49. Calculate f(-8).
39
Let k(i) = 3*i**3 - 1209*i**2 - 7370*i - 26. Give k(-6).
22
Let w(i) = i**2 - 1287*i - 3867. Give w(-3).
3
Let c(p) = p**3 - 43*p**2 + 476*p - 641. Determine c(16).
63
Let u(q) = q**3 + 362*q**2 - 1395*q + 25253. Give u(-366).
-1
Let v(a) = 4*a**2 - 1534*a - 10746. Calculate v(-7).
188
Let j(a) = -6041*a - 12086. Give j(-2).
-4
Let k(m) = -8*m**3 - 287*m**2 + 204*m + 7205. Determine k(-36).
1157
Let c(r) = -6735*r + 378349. Give c(56).
1189
Let f(y) = -2*y**3 - 2666*y**2 + 5321*y + 3. Determine f(2).
-35
Let c(r) = -r**3 + 11685*r**2 - 46719*r - 4. Calculate c(4).
16
Let m(i) = 10342*i - 3950647. Calculate m(382).
-3
Let o(z) = -3*z**3 + 7*z**2 - 139*z + 616. Give o(4).
-20
Let m(b) = 36*b**2 - 357*b + 20. Calculate m(12).
920
Let q(n) = -n**3 + 26*n**2 - 667*n - 10261. Determine q(-10).
9
Let l(m) = 1493*m + 4884. Calculate l(-4).
-1088
Let v(o) = -o**2 + 12291*o + 73787. Determine v(-6).
5
Let i(r) = 4*r**2 + 1925*r + 67083. Determine i(-38).
-291
Let s(h) = -18634*h + 18721. Calculate s(1).
87
Let x(l) = -189*l**2 + 6616*l - 23. What is x(35)?
12
Let g(h) = h**2 + 3199*h - 133466. Give g(41).
-626
Let k(a) = a**3 - 22*a**2 - 25427*a + 509322. Determine k(20).
-18
Let c(z) = -441*z - 9548. What is c(-24)?
1036
Let n(t) = t**2 - 468*t - 3829. Give n(-8).
-21
Let k(f) = 123*f**3 - 119*f**2 - 50*f + 48. Calculate k(1).
2
Let z(j) = -j**2 - 8325*j + 200389. Determine z(24).
13
Let o(a) = -15*a**2 - 10955*a - 150438. Calculate o(-14).
-8
Let i(l) = -1461*l + 14834. Give i(10).
224
Let p(y) = 6*y**2 - 4380*y - 76199. Calculate p(747).
-5
Let j(o) = o**2 + 64*o - 38. Determine j(-35).
-1053
Let b(j) = -j**2 - 12504*j - 734263. What is b(-59)?
-8
Let o(v) = -5*v**2 - 15032*v - 134883. Calculate o(-9).
0
Let q(w) = -11*w**3 - 5929*w**2 - 9*w - 4857. Determine q(-539).
-6
Let l(c) = c**3 - 66*c**2 - 1123*c + 14577. Calculate l(78).
-9
Let j(k) = k**3 + 28*k**2 - 45*k - 336. Determine j(4).
-4
Let r(c) = 22*c - 574. What is r(-24)?
-1102
Let t(f) = -254*f - 4308. What is t(-17)?
10
Let b(t) = -t**3 - 19*t**2 + 206*t - 529. What is b(4)?
-73
Let a(h) = -7*h**2 + 58*h - 770. What is a(9)?
-815
Let y(c) = -c**2 + 119538*c - 14688042. What is y(123)?
3
Let m(x) = -x**2 - 2788*x + 44632. What is m(16)?
-232
Let w(y) = 110*y**2 + 4186*y + 266. Determine w(-38).
38
Let l(y) = 3*y**2 - 2848*y + 36614. Calculate l(13).
97
Let i(u) = 21*u**2 + 635*u + 9. Calculate i(-33).
1923
Let v(t) = -3*t**2 - 263*t + 5466. Give v(17).
128
Let n(m) = -1083*m - 36769. Determine n(-34).
53
Let t(g) = -g**3 + 6*g**2 + 129*g - 1664. Give t(13).
-1170
Let z(m) = -21340*m - 85346. Calculate z(-4).
14
Let d(y) = 64*y**2 + 880*y + 2810. Determine d(-5).
10
Let f(w) = 30*w**3 - 11307*w**2 - 1130*w - 274. Give f(377).
103
Let o(a) = 3*a**2 - 52*a - 1495. Give o(-17).
256
Let q(c) = 18*c**2 + 1084*c + 7536. Give q(-8).
16
Let o(q) = 85515*q + 4446809. Calculate o(-52).
29
Let q(c) = -c**3 + 178*c**2 + 53092*c + 616. Determine q(-158).
-16
Let c(m) = -16*m + 3013. Give c(191).
-43
Let z(f) = -f**3 - 19*f**2 + 28*f - 54. Calculate z(2).
-82
Let a(n) = -2*n**3 + 55*n**2 + 9780*n - 293. Determine a(85).
132
Let m(g) = -1779*g**2 - 5336*g - 21. Determine m(-3).
-24
Let w(d) = -d**3 + 2*d**2 + 308*d - 304. Give w(-17).
-49
Let j(q) = 200*q**2 - 118*q - 8. What is j(2)?
556
Let f(c) = -c**3 + 20*c**2 + 118*c - 2793. Determine f(18).
-21
Let n(q) = 2*q**3 + 92*q**2 + 126*q - 2909. Give n(-44).
-709
Let s(x) = -3*x**2 + 25394*x + 152462. Give s(-6).
-10
Let s(w) = -78*w**3 + 1950*w**2 + 13*w - 350. Determine s(25).
-25
Let z(x) = -2205*x + 46577. Determine z(22).
-1933
Let t(n) = 42*n**3 + 5*n**2 + 69*n + 66. Give t(-1).
-40
Let h(m) = 9934*m - 8374358. Determine h(843).
4
Let j(d) = -20*d**2 + 736*d - 5160. Give j(28).
-232
Let y(f) = -4*f**3 - 672*f**2 - 610*f + 9680. Give y(-167).
-6
Let f(j) = j**2 + 1438*j - 726270. Determine f(396).
-6
Let c(l) = 2*l**3 - 2*l**2 - 355*l + 120. What is c(-13)?
3
Let n(v) = 172*v - 1332. Calculate n(6).
-300
Let d(v) = -31508*v - 189042. Determine d(-6).
6
Let x(y) = 15783*y + 13273534. What is x(-841)?
31
Let h(u) = 4388*u + 820567. What is h(-187)?
11
Let b(h) = -309*h**3 - 64*h**2 - 67*h - 4. What is b(-1)?
308
Let a(c) = -6114*c + 5598. Determine a(1).
-516
Let h(a) = a**3 + 766*a**2 - 20622*a - 23757. Calculate h(-792).
3
Let l(c) = 2484*c - 50641. Give l(20).
-961
Let y(w) = 16380*w - 7600329. Calculate y(464).
-9
Let x(h) = -h**3 + 140*h**2 - 20*h + 2764. Calculate x(140).
-36
Let q(k) = 5706*k - 2019983. Give q(354).
-59
Let t(p) = -3*p**2 + 953*p - 44391. Determine t(261).
-21
Let g(i) = -6067*i**2 + 66740*i + 35. What is g(11)?
68
Let s(c) = 93*c**2 - 770*c + 75. Give s(7).
-758
Let w(k) = 12*k**3 + 4112*k**2 - 1449*k - 26417. Determine w(-343).
-6
Let x(z) = 456*z**2 + 148*z - 149. Calculate x(1).
455
Let q(a) = -4054*a + 48035. Determine q(12).
-613
Let g(i) = 2*i**3 + 15*i**2 - 744*i + 41. Give g(16).
169
Let o(s) = 6*s**3 + 71*s**2 - 788*s - 8. Determine o(7).
13
Let i(c) = 2832*c - 633469. Give i(224).
899
Let g(p) = 16*p**2 + 10798*p - 1257. Determine g(-675).
93
Let d(r) = -r**3 - 70*r**2 + 61*r - 1537. Give d(-71).
-827
Let l(q) = 18016*q + 269739. Determine l(-15).
-501
Let y(a) = a**2 + 178*a - 5678. What is y(28)?
90
Let u(p) = p**3 - 21*p**2 + 199*p - 4110. Calculate u(20).
-530
Let d(j) = -j**3 - 121*j**2 + 1042*j - 65. What is d(8)?
15
Let m(q) = -2916*q - 105031. What is m(-36)?
-55
Let w(m) = 12*m**2 - 12146*m - 85592. Determine w(-7).
18
Let y(s) = s**2 - 6193*s - 1003464. Give y(-158).
-6
Let l(o) = -1462*o + 14380. Determine l(10).
-240
Let j(l) = -5*l**2 + 32*l + 2066. Give j(23).
157
Let i(w) = w**3 + 35*w**2 - 94*w + 32. Give i(2).
-8
Let p(c) = -3*c**2 + 14*c + 4466. Give p(41).
-3
Let t(b) = -10*b**2 + 412*b + 4794. Give t(-10).
-326
Let n(g) = -4*g**3 - 128*g**2 - 441*g + 108. Determine n(-28).
-88
Let w(m) = 479274*m + 11981859. Calculate w(-25).
9
Let l(p) = 40*p**3 + 3330*p - 3332. Give l(1).
38
Let y(h) = 2*h**2 + 216*h - 5721. Determine y(22).
-1
Let v(w) = -192*w - 1124. Calculate v(-5).
-164
Let l(v) = v**3 - 386*v**2 - 9410*v - 15. Give l(-23).
54
Let u(a) = 32*a**2 + 1095*a - 21164. Give u(-48).
4
Let q(t) = t**2 - 24*t + 62. Give q(29).
207
Let o(i) = -i**2 - 1681*i + 30552. Calculate o(18).
-30
Let z(h) = -811*h + 236784. Calculate z(292).
-28
Let u(f) = f**3 + 542*f**2 + 11432*f + 10. What is u(-22)?
186
Let o(u) = 28*u + 1459. Calculate o(-14).
1067
Let w(c) = -87*c - 16907. Determine w(-209).
1276
Let u(p)